-566 prime?
True
Let i(o) = 4662*o + 6217. Is i(85) a composite number?
False
Let k be -2 + 61953*12/54*-3. Let v = k + 84509. Is v a prime number?
False
Suppose 79*p = 34*p + 4464765. Is p a composite number?
True
Let v = 6754 + -12338. Is -5 + (0 - v) - 0 a composite number?
True
Suppose -7*u + 48 = 6. Suppose u*s = -3*s - 45. Is (-1 - 3/(-2))*(-4990)/s prime?
True
Let b(x) = -25*x**3 + 9*x**2 - 55*x + 134. Is b(-16) a composite number?
True
Let n be (62 - 10)/((-1)/(-986)). Suppose -n = -9*h + 38494. Is h a prime number?
False
Let w(i) = i**3 + 11*i**2 - 13*i - 33. Let f be w(15). Suppose -3*s + f = -687. Suppose 3*q - 150 = s. Is q composite?
False
Let p = -1354014 + 2113601. Is p a prime number?
False
Let p(y) = 4*y**2 + 9*y + 2. Let q be p(-3). Suppose 14*i = q*i + 9183. Is i a composite number?
False
Suppose 648291 + 298649 = 19*u - 372363. Is u a composite number?
True
Let j(u) = -9 + 10*u + 1880*u**3 - 11*u**2 + u**2 - 1890*u**3. Is j(-8) a prime number?
True
Is 20/2 + 60391 + 2 prime?
False
Suppose 5*n = -66 + 331. Let x = n + -49. Suppose -u = x*t - 1893, 0 = 5*u + 4*t - 3*t - 9465. Is u a prime number?
False
Let k be ((-2)/(-4))/(2/(-200)). Is (-485)/15*(-1 + k) composite?
True
Suppose 0 = -7*b + 10*b. Let x(p) = p**3 + 3*p**2 + p + 7401. Is x(b) prime?
False
Is (3 - (-526600)/12)/(1/3) composite?
True
Let b = -37933 - -92934. Is b composite?
False
Suppose -17297 = -4*y + 6231. Let q = y - 3156. Suppose -5*z = 20, 1368 = 2*p - z - q. Is p prime?
False
Let o = 445 - 2632. Let l = -511 - o. Suppose -l = -2*q - 2*q. Is q a prime number?
True
Let v(t) = -t + 40. Let i(b) = -15*b - 4 + 6*b**2 - 26 - 5 - 7*b**2. Let a be i(-11). Is v(a) a prime number?
True
Let o(a) = -7*a - 304 + 314 - 16*a**2 - a**3 - 20*a. Let k be o(-14). Is 4/((-20)/(-725)) - k prime?
True
Let c = -47 + 27. Let v be ((-56)/(-20))/((-8)/c). Is ((-1994)/(-4))/((7/2)/v) prime?
True
Is (22113754/(-208))/(-3*(-2)/(-48)) prime?
True
Let h = -7726 + 17058. Suppose 3*n = 13*x - 11*x + 9329, -3*n + h = -5*x. Is n prime?
True
Suppose -14*c + 9*c + 41*c = 13136076. Is c prime?
True
Let n = -19 + 21. Suppose 5*v + n*v = -119. Let g = v - -88. Is g a composite number?
False
Suppose -2*s + 53577 = 3*f, -2*f + 17763 + 17954 = s. Suppose -12231 = -8*p + f. Is p a composite number?
False
Suppose -2*r - 29*s + 566374 = -32*s, 0 = r - 2*s - 283189. Is r composite?
False
Let t be (-2)/18 + (-1320)/270. Let b(q) = -213*q + 22. Is b(t) prime?
True
Suppose 12*v - 12 = 11*v. Let n(c) = 5*c**2 - 16*c + 14. Let u be n(v). Suppose -u - 1803 = -5*m. Is m composite?
True
Let x = -7239 + 4233. Let d(o) = -28*o**2 + o - 2. Let l be d(7). Let g = l - x. Is g composite?
True
Let n(l) = -l**2 + 884*l + 1194601. Is n(0) composite?
False
Suppose 41*d = 37*d - 2*c + 137502, d - 34398 = -5*c. Is d a prime number?
False
Is (-3)/5 + (2/6)/(860/77146128) composite?
True
Suppose 3*d = -34 + 22, -3*d - 761648 = -2*w. Is w prime?
False
Let l(t) = -5*t - 56. Let w be l(-12). Suppose 1189 = w*p - g, -p + 0*g - g = -301. Is p a prime number?
False
Let a(d) = -d + 3593. Let u be (0 + 0)*-1*1. Is a(u) a prime number?
True
Let u = 459817 + -256148. Suppose -14*f + 89085 = -u. Is f composite?
True
Suppose -12*u + 9*u + 16983 = 0. Let z = 68 + u. Is z a prime number?
False
Let z be 66*13140/65 + 4/(-26). Let i = -3441 + z. Is i composite?
False
Suppose 214 - 222 = -4*n, -2*d - 4*n + 163982 = 0. Is d a composite number?
True
Let g(q) = -29*q - 200. Let a be g(-7). Is (a + 0)*(8330/6 + 4) composite?
False
Let g be (-6)/((-30)/25) + -247. Is (g/(-88))/((-3)/(-276)) a composite number?
True
Suppose -5 = 5*z + 3*p + 6, -31 = 4*z - 5*p. Suppose -y - 40 = -5*y. Is 32/(-40)*y/z - -1541 composite?
False
Suppose 4*g - 241*o - 238011 = -246*o, 2*o = -2*g + 119008. Is g composite?
False
Let d be (-4)/22 - 9*(-48)/(-44). Is -6 - d*37/2 a composite number?
False
Suppose 5*h - w = 22, 2*h + 3 - 21 = 5*w. Suppose -h*c + q + 37779 = 0, -4*q = -3*c - 3*q + 28334. Is c prime?
False
Let z(f) = f**3 - 31*f**2 + 25*f - 49. Let q be z(23). Is 4 - (-5 + q) - 6 a composite number?
False
Suppose 2*i - 4*t = 2980, 0 = -2*i - 0*i + 5*t + 2982. Let r = i + 1777. Is r prime?
False
Let h be (6/(-18))/(4/(-324)). Suppose -h*j = -28*j + 1733. Is j prime?
True
Let z(w) = 4913*w + 907. Is z(12) prime?
True
Is (2/(-3))/((-9)/1117989*2) a composite number?
True
Let i(n) = n**3 - 8*n**2 + 16*n - 23. Let c be i(6). Let f be (487/9*3)/(3/18). Is (-2 - c)/((-2)/f) a composite number?
True
Suppose 8*o + 3*h = 3*o - 4294, 854 = -o - 3*h. Let r = o - -2725. Is r composite?
True
Let a(s) = -64*s**3 - 2*s**2 + 6*s - 3. Is a(-3) a prime number?
False
Let k(u) be the first derivative of -11 + 4*u**2 - 1/4*u**4 + 4/3*u**3 + 3*u. Is k(-8) composite?
True
Let n be -6 + 26 + 36/(-6). Suppose u + n*u = 151995. Is u composite?
False
Suppose 0 = -4*z - 5*x + 5162162, z = -2*x + 197231 + 1093314. Is z prime?
True
Suppose 1445832 = 3*g + 5*i, 5*i = -2328*g + 2331*g - 1445802. Is g prime?
True
Is (4 - 2)/(48/23 - 2)*883 a composite number?
True
Is (-3 + 16)*(-21 - -8350) prime?
False
Let t(b) be the second derivative of -521/6*b**3 + 24*b - 3/2*b**2 + 0. Is t(-2) a prime number?
True
Suppose -2*q + 11 = 21. Let l(r) = -4*r**3 - 2*r**2 - r + 24. Is l(q) prime?
True
Let i(y) = 2*y**2 - 156*y + 355763. Is i(0) prime?
True
Suppose 6 = -n - 3*u, n + 30 = 4*u - u. Let r = n - -14. Is (r - 0)/4 + 486 composite?
True
Suppose 12*a - 29 + 5 = 0. Suppose h = -h + a. Let c(u) = 2283*u**2 + 4*u. Is c(h) a prime number?
True
Is (-845443)/(-95)*(-3)/(18/(-60)) a prime number?
False
Let l = 4550 - 463. Suppose 1684 = 29*g - l. Is g composite?
False
Suppose -17 = -7*t - 31. Is t - (-11)/((-44)/(-9660)) a composite number?
True
Suppose -q = 3539*r - 3542*r + 379413, 2*r - 252942 = -4*q. Is r composite?
True
Is (0 - 97*2*3061)/(-114 - -112) a composite number?
True
Let u be (14338 - (-28)/(-7)) + 0. Suppose u = 3*n - 3*y, -y - 23900 = -5*n + 2*y. Is n prime?
True
Let v be 42/15 + (-18)/(-90). Suppose 0 = 2*z + 2*q - 12898, -v*z + q + 3*q = -19347. Is z prime?
True
Suppose 0 = -3*z - 2*z + 5*m + 20, 0 = -2*z - 3*m + 8. Suppose d + 0*d - 1393 = 2*g, -d = z*g - 1369. Suppose 303 - d = -2*x. Is x composite?
False
Suppose -15*f - 1398315 + 8868300 = 0. Is f composite?
False
Is 10/((-140)/(-12048162)) - 4 a prime number?
True
Let l be (-3)/(-6)*(23 - -3). Let j be -1*((-4 - 1336) + -1). Suppose -l*w + 5852 = j. Is w composite?
False
Is 96349*(-52)/(-286) - (0 + -1) composite?
False
Suppose -9485 = -5*g + 5*h, -5*g + 5*h - 3*h + 9497 = 0. Is g prime?
True
Let y = -49721 + 121038. Is y composite?
False
Let n = -913122 - -1910405. Is n a composite number?
True
Suppose 6*l - 59 = -185. Let x = l + 33. Suppose 0 = d - x - 10. Is d composite?
True
Let p = 0 - -4. Suppose -p*d + 25 = -0*o + 3*o, 0 = -3*o + 5*d + 16. Suppose -o*u - w + 2869 = -2*u, -w = -4. Is u a composite number?
True
Let c = -7943 - -1651. Let m = -1757 - c. Suppose 5*x - 7559 = -2*n, -n = 3*x - 0*n - m. Is x a composite number?
False
Suppose 5*y + 895902 = 14*i + 4202897, -2645596 = -4*y + 3*i. Is y composite?
True
Suppose u - 2*d = -d + 25, 90 = 3*u + 2*d. Suppose -666 = u*b - 25*b. Let k = -99 - b. Is k a prime number?
False
Suppose 26*h = -108*h - 1998167 + 12651301. Is h a composite number?
True
Suppose -1272472 = -2*h - 2*q, -27*h + 29*h - 1272457 = -5*q. Is h prime?
True
Let n be 0*(1/(-4))/((-12)/(-16)). Suppose n = 6*x - 32606 - 19624. Is x a composite number?
True
Let z(c) = 11*c**2 - c + 1. Let f be z(1). Suppose -x = -f*x + 12790. Suppose -4*s + 8*s = 5*j + 5113, -s + j = -x. Is s prime?
False
Let k = -28 - -37. Is (-2)/k + ((-730)/(-45) - 7) composite?
True
Let x be -1 - 561220/(-90) - 4/(-18). Let w = -2592 + x. Is w a composite number?
False
Suppose -16*n + 74*n + 42838926 - 120262720 = 0. Is n prime?
False
Let a(d) = 3965*d + 4527. Is a(128) composite?
False
Suppose -59*h + 52*h + 44046 = -27571. Is h prime?
False
Let z(x) = 218*x**3 - 8*x**2 + 30*x + 1. Is z(6) prime?
False
Suppose 33*s - 17373373 - 7844864 = 0. Is s a prime number?
True
Suppose 4*g - 1229334 = -2*q, -918*g = -914*g + 5*q - 1229313. Is g a prime number?
True
Is 147026/2 + (0 - 6)*(-10)/15 a prime number?
True
Suppose -1479 - 6651 = -2*u. Let p = u 